3, 31
What are the prime factors of 8962?
2, 4481
List the prime factors of 2127.
3, 709
What are the prime factors of 64491?
3, 7, 37, 83
What are the prime factors of 6422?
2, 13, 19
List the prime factors of 425.
5, 17
List the prime factors of 3487.
11, 317
List the prime factors of 204.
2, 3, 17
What are the prime factors of 1657?
1657
What are the prime factors of 177714?
2, 3, 1097
List the prime factors of 1877.
1877
List the prime factors of 55370.
2, 5, 7, 113
List the prime factors of 69149.
69149
What are the prime factors of 2837?
2837
What are the prime factors of 19706?
2, 59, 167
List the prime factors of 52643.
61, 863
List the prime factors of 62451.
3, 257
List the prime factors of 50493.
3, 16831
List the prime factors of 33588.
2, 3, 311
What are the prime factors of 2881?
43, 67
List the prime factors of 121.
11
What are the prime factors of 9671?
19, 509
What are the prime factors of 25509?
3, 11, 773
What are the prime factors of 44354?
2, 67, 331
List the prime factors of 2139.
3, 23, 31
What are the prime factors of 6171?
3, 11, 17
List the prime factors of 6575.
5, 263
What are the prime factors of 450?
2, 3, 5
What are the prime factors of 381?
3, 127
What are the prime factors of 3294?
2, 3, 61
What are the prime factors of 139?
139
List the prime factors of 3194.
2, 1597
What are the prime factors of 8116?
2, 2029
List the prime factors of 504.
2, 3, 7
List the prime factors of 1768.
2, 13, 17
What are the prime factors of 84574?
2, 7, 863
What are the prime factors of 130750?
2, 5, 523
What are the prime factors of 20597?
43, 479
What are the prime factors of 63288?
2, 3, 293
List the prime factors of 6713.
7, 137
List the prime factors of 3954.
2, 3, 659
What are the prime factors of 1306?
2, 653
What are the prime factors of 4391?
4391
List the prime factors of 13003.
13003
List the prime factors of 1224.
2, 3, 17
What are the prime factors of 54301?
13, 4177
What are the prime factors of 1053?
3, 13
What are the prime factors of 4492?
2, 1123
List the prime factors of 7387.
83, 89
What are the prime factors of 85664?
2, 2677
List the prime factors of 586.
2, 293
List the prime factors of 1243.
11, 113
List the prime factors of 2660.
2, 5, 7, 19
What are the prime factors of 23008?
2, 719
What are the prime factors of 447?
3, 149
List the prime factors of 20650.
2, 5, 7, 59
List the prime factors of 9452.
2, 17, 139
List the prime factors of 29408.
2, 919
List the prime factors of 15502.
2, 23, 337
What are the prime factors of 5974?
2, 29, 103
What are the prime factors of 1809?
3, 67
List the prime factors of 864.
2, 3
List the prime factors of 6667.
59, 113
What are the prime factors of 3394?
2, 1697
What are the prime factors of 41946?
2, 3, 6991
What are the prime factors of 21?
3, 7
What are the prime factors of 614?
2, 307
List the prime factors of 1739.
37, 47
List the prime factors of 49906.
2, 24953
List the prime factors of 1990.
2, 5, 199
List the prime factors of 1799.
7, 257
List the prime factors of 695.
5, 139
What are the prime factors of 16866?
2, 3, 937
What are the prime factors of 13109?
13109
List the prime factors of 433.
433
What are the prime factors of 740?
2, 5, 37
What are the prime factors of 4124?
2, 1031
List the prime factors of 30050.
2, 5, 601
List the prime factors of 509.
509
What are the prime factors of 2966?
2, 1483
List the prime factors of 10274.
2, 11, 467
What are the prime factors of 192?
2, 3
What are the prime factors of 4891?
67, 73
List the prime factors of 232.
2, 29
List the prime factors of 154.
2, 7, 11
List the prime factors of 443.
443
What are the prime factors of 2485?
5, 7, 71
What are the prime factors of 5703?
3, 1901
What are the prime factors of 230?
2, 5, 23
What are the prime factors of 1304?
2, 163
What are the prime factors of 41798?
2, 20899
What are the prime factors of 67107?
3, 22369
List the prime factors of 2566.
2, 1283
List the prime factors of 203.
7, 29
List the prime factors of 5009.
5009
List the prime factors of 331.
331
What are the prime factors of 15724?
2, 3931
What are the prime factors of 14836?
2, 3709
List the prime factors of 10708.
2, 2677
What are the prime factors of 33870?
2, 3, 5, 1129
List the prime factors of 1912.
2, 239
List the prime factors of 1833.
3, 13, 47
List the prime factors of 1655.
5, 331
List the prime factors of 7327.
17, 431
What are the prime factors of 1941?
3, 647
List the prime factors of 75439.
7, 13, 829
What are the prime factors of 19595?
5, 3919
What are the prime factors of 11322?
2, 3, 17, 37
What are the prime factors of 17377?
17377
What are the prime factors of 12732?
2, 3, 1061
What are the prime factors of 32302?
2, 31, 521
What are the prime factors of 4708?
2, 11, 107
What are the prime factors of 1076?
2, 269
What are the prime factors of 283?
283
What are the prime factors of 1279?
1279
List the prime factors of 1300.
2, 5, 13
What are the prime factors of 6051?
3, 2017
What are the prime factors of 109901?
11, 97, 103
List the prime factors of 11.
11
List the prime factors of 904.
2, 113
What are the prime factors of 2396?
2, 599
What are the prime factors of 5338?
2, 17, 157
What are the prime factors of 42005?
5, 31, 271
What are the prime factors of 46498?
2, 67, 347
What are the prime factors of 5987?
5987
List the prime factors of 97743.
3, 31, 1051
What are the prime factors of 40627?
40627
List the prime factors of 73072.
2, 4567
What are the prime factors of 127023?
3, 13, 3257
What are the prime factors of 19333?
19333
What are the prime factors of 1050?
2, 3, 5, 7
List the prime factors of 44950.
2, 5, 29, 31
List the prime factors of 608.
2, 19
What are the prime factors of 4007?
4007
List the prime factors of 1106.
2, 7, 79
List the prime factors of 253.
11, 23
List the prime factors of 12381.
3, 4127
What are the prime factors of 1358?
2, 7, 97
What are the prime factors of 6427?
6427
What are the prime factors of 39870?
2, 3, 5, 443
List the prime factors of 3492.
2, 3, 97
What are the prime factors of 1781?
13, 137
What are the prime factors of 5410?
2, 5, 541
List the prime factors of 8073.
3, 13, 23
What are the prime factors of 11423?
11423
List the prime factors of 964.
2, 241
List the prime factors of 188.
2, 47
What are the prime factors of 7406?
2, 7, 23
What are the prime factors of 2037?
3, 7, 97
List the prime factors of 1131.
3, 13, 29
List the prime factors of 7475.
5, 13, 23
What are the prime factors of 18097?
18097
What are the prime factors of 52316?
2, 11, 29, 41
What are the prime factors of 787?
787
What are the prime factors of 1238?
2, 619
List the prime factors of 31405.
5, 11, 571
What are the prime factors of 7880?
2, 5, 197
What are the prime factors of 3696?
2, 3, 7, 11
What are the prime factors of 40?
2, 5
What are the prime factors of 2038?
2, 1019
List the prime factors of 50619.
3, 47, 359
What are the prime factors of 80983?
7, 23, 503
What are the prime factors of 2446?
2, 1223
What are the prime factors of 17182?
2, 11, 71
What are the prime factors of 38002?
2, 19001
List the prime factors of 2809.
53
List the prime factors of 16948.
2, 19, 223
List the prime factors of 864.
2, 3
What are the prime factors of 133810?
2, 5, 13381
List the prime factors of 17014.
2, 47, 181
What are the prime factors of 944?
2, 59
List the prime factors of 24056.
2, 31, 97
List the prime factors of 30458.
2, 97, 157
What are the prime factors of 11599?
7, 1657
List the prime factors of 22178.
2, 13, 853
List the prime factors of 5166.
2, 3, 7, 41
List the prime factors of 2233.
7, 11, 29
What are the prime factors of 12952?
2, 1619
List the prime factors of 4364.
2, 1091
What are the prime factors of 3253?
3253
What are the prime factors of 283?
283
List the prime factors of 6567.
3, 11, 199
List the prime factors of 4637.
4637
List the prime factors of 32457.
3, 31, 349
What are the prime factors of 37931?
83, 457
What are the prime factors of 462?
2, 3, 7, 11
List the prime factors of 57310.
2, 5, 11, 521
What are the prime factors of 1635?
3, 5, 109
List the prime factors of 12955.
5, 2591
What are the prime factors of 6534?
2, 3, 11
List the prime factors of 2702.
2, 7, 193
List the prime factors of 13033.
13033
List the prime factors of 23923